 + 34. Calculate the remainder when y(z) is divided by 18.
16
Suppose 0 = -f - 0*f + 10. What is the remainder when f is divided by 6?
4
Let y be (4/10)/(-1)*-5. Suppose -y*m = -19 - 7. Suppose 5*v = -2*h + m, 23 = 5*h - 4*v + 7. What is the remainder when h is divided by 3?
1
Suppose 4*o = -o + 65. Suppose q + 0*q = o. Let z(r) = -r + 7. What is the remainder when q is divided by z(0)?
6
Suppose 20*o - 18*o - 320 = 0. Calculate the remainder when o is divided by 54.
52
Let r(a) = a + 2. Let h = 19 - 17. Suppose 4*d - 5*y = 41, 9 + h = 4*d + y. What is the remainder when r(5) is divided by d?
3
Let z(x) = -x**3 + 6*x**2 + 7*x + 8. Let h = -14 + 29. What is the remainder when h is divided by z(7)?
7
Suppose 5*x - 4*l = -447, -562 = 5*x + 2*l - 103. Let y = 156 + x. Calculate the remainder when y is divided by 22.
21
Let c(l) = -l**3 - 2*l**2 + 4*l + 5. Let t(v) = 27*v**3 - v**2 + v - 1. Let o be t(1). Let a = 37 - o. What is the remainder when c(-4) is divided by a?
10
Suppose -m + 5*v = 3, -4*m - 47 - 1 = -2*v. Let d = -7 - m. Suppose w = 14 - 4. What is the remainder when w is divided by d?
4
Let u(r) = 3*r**2 - 2*r - 3. What is the remainder when 36 is divided by u(-2)?
10
Let s = -83 - -50. Suppose -3*k + 5*k + 10 = 0. Calculate the remainder when s/k + 4/10 is divided by 5.
2
Let y = 0 - -1. What is the remainder when 74*(y/2)/1 is divided by 19?
18
Let x = -208 - -315. Calculate the remainder when x is divided by 27.
26
Let a(l) = l**3 + 4*l**2 + 3*l + 1. Suppose -1 = -5*t + 4. Suppose -t - 1 = -b. Calculate the remainder when b is divided by a(-3).
0
Calculate the remainder when 35 is divided by (36/10)/(12/30).
8
Suppose -2*k + 4*r + 34 = 6, -2*r = k - 14. Let g = k + -4. Calculate the remainder when g is divided by 4.
2
Let u(j) = 12*j - 1. What is the remainder when u(2) is divided by 13?
10
Suppose -4*s = 4*b - 16, -3*s = 5*b - 8 - 18. Calculate the remainder when 13 is divided by b.
6
Calculate the remainder when (-105 - -2)*(-1 - 0) is divided by 26.
25
Let g be 100*(64/(-10) + 0). Calculate the remainder when 4/(-14) + g/(-35) is divided by 11.
7
Let g(c) = c**2 - 11*c + 9. Let m be g(8). Let x = -4 - m. Calculate the remainder when x is divided by 6.
5
Suppose -2*u + c = -7, 7 - 26 = -5*u + 4*c. Suppose 12 = u*j - 0*j. Suppose 3*q = j*q - 48. Calculate the remainder when q is divided by 17.
14
Let v = -26 + 10. Let s be 3 - 27/(2 - 3). Let w = v + s. What is the remainder when w is divided by 5?
4
Let j = 125 - 89. Calculate the remainder when j is divided by (-2)/(-6) - (-224)/12.
17
Calculate the remainder when 19 is divided by 2/(-7) - (23/(-7) - 4).
5
Let x = 12 + -14. Let a = 22 - x. Calculate the remainder when 94 is divided by a.
22
Let j = 60 - 25. Suppose -z + 40 = -5*z. What is the remainder when j is divided by ((-36)/z)/(3/10)?
11
Let c = 45 + -18. Suppose -76 = u + 3*u. Let a = c + u. Calculate the remainder when 22 is divided by a.
6
Suppose 0 = 4*w + 5 - 25. Suppose -3*p + 3*o + 55 = 2*p, -p - w*o - 17 = 0. Let k(t) = 3*t**3 - 2. What is the remainder when k(2) is divided by p?
6
Let w(f) = f - 4. Let i be w(0). Let s = -1 - i. What is the remainder when 3 is divided by s?
0
Suppose 0 = -3*c + 2*c. Suppose c = 4*y + 3 - 11. What is the remainder when (2/(-3))/(y/(-66)) is divided by 12?
10
Let l be (-4)/12 + (-22)/(-3). Let p(k) = k**3 - 7*k**2 + 5. Calculate the remainder when 3*(3 - 2)*3 is divided by p(l).
4
Let c = -3 - -29. Suppose 2*z - 3 = -h + 14, -z = 5*h - 40. What is the remainder when c is divided by h?
5
What is the remainder when ((-178)/1)/(2/((-6)/6)) is divided by 15?
14
Let v(b) = -b**3 + 14*b**2 - 17*b + 9. Let n = -2 + 14. Let i be v(n). Let h = i + -58. Calculate the remainder when h is divided by 18.
17
Suppose 0 = 28*s - 25*s - 33. Let p(o) = -4*o - 2. Calculate the remainder when s is divided by p(-2).
5
Let f = 0 + 2. Suppose -30 = -7*l + f*l. Calculate the remainder when 23 is divided by l.
5
Suppose -3*w + 5*y = -46, -w = -0*w - 4*y - 20. Let s = -4 + -2. Let a = w - s. What is the remainder when 52 is divided by a?
16
What is the remainder when (450/5)/(0 + 2) is divided by 23?
22
Suppose 0 = 4*m - 18 - 26. Calculate the remainder when 31 is divided by m.
9
Suppose -75*p = -70*p - 165. Calculate the remainder when 131 is divided by p.
32
What is the remainder when 64 is divided by -11*(0 + -4 + 2)?
20
Suppose -7*y + 203 + 21 = 0. What is the remainder when 127 is divided by y?
31
Suppose 3*k - 214 = -k + 2*r, -4*k - 3*r = -229. Let s = 80 - k. What is the remainder when s is divided by 13?
12
Suppose 0 = -5*y - 3*u + 24, -3*y - 4*u + 9*u = 6. Let d be 3 - (y + -1 + 1). Suppose -2*x = -d*x - 26. What is the remainder when 49 is divided by x?
10
Let f = -40 - -68. Let o(l) = 6*l - 3. Calculate the remainder when f is divided by o(3).
13
Let g(s) = s**3 + 4*s**2 + 4*s + 2. Let w be g(-2). Let z = w - 0. Calculate the remainder when 3 is divided by z.
1
Suppose 2*q - 3 = 5. Suppose 0*j - q*j = -152. What is the remainder when j is divided by 10?
8
Let f(v) = 6*v + 3. What is the remainder when ((-632)/12)/(4/(-6)) is divided by f(4)?
25
Suppose 0 = 5*h - 6*h + 11. What is the remainder when h is divided by 6?
5
Suppose 3*t + 5*s = 2, -t - 5*s = -0*t + 16. Let o(u) = -u**2 + 9*u + 8. What is the remainder when 30 is divided by o(t)?
6
Let q be (-5 + 1)*(-3)/6. Suppose 2*z + 3*z - 3*p = 7, 4*z + q*p + 12 = 0. Let w(t) = -4*t. What is the remainder when w(z) is divided by 2?
0
Let j(f) = 5*f**2 - f - 5. What is the remainder when j(-7) is divided by 50?
47
What is the remainder when (-2 + -5)/(6/(-18)) is divided by 9?
3
Let y = -167 - -218. What is the remainder when y is divided by 18?
15
Let f(b) = -b**2 - 11*b - 6. Let g be 4 - (3 + -5 + 15). What is the remainder when 34 is divided by f(g)?
10
Let o(j) = -j. Let b be o(-4). Suppose 2*t - b - 6 = 0. Calculate the remainder when 19 is divided by t.
4
Let k be -2*(-18)/(-4) + 2. Let w = -4 - k. Let j = -2 + 10. What is the remainder when j is divided by w?
2
Let l(g) = 7*g**3 - g**2 - g - 2. Suppose -6*n + 170 = 20. What is the remainder when l(2) is divided by n?
23
Let o(k) = -8*k - 2. Calculate the remainder when 25*(2 - (-4)/(-10)) is divided by o(-2).
12
Let c(w) = w + 30. What is the remainder when 38 is divided by c(-10)?
18
Let i = 35 + 110. Suppose -27 + i = 2*k. Calculate the remainder when k is divided by 15.
14
Let u = 6 - 3. Suppose 69 = u*i - 0*i. Let g = 19 - 11. Calculate the remainder when i is divided by g.
7
Suppose 75 = 4*r + 23. Suppose 3 = -5*h + r. Calculate the remainder when 5 is divided by h.
1
Let c(q) = -q**3 - 8*q**2 - 6*q + 7. Let n be c(-7). Let d be -1 - (-1 + 0)*0. Let t = n - d. Calculate the remainder when 2 is divided by t.
0
Let a(q) = q**3 + 17*q**2 + 14*q - 21. What is the remainder when 43 is divided by a(-16)?
10
Let h(r) = -2*r + 51. What is the remainder when h(9) is divided by 6?
3
Let a be (3 - 3)*(-1)/3. Let q be (a - -2)*9/6. Suppose -4*n = -y - 0*n - 6, -47 = -q*y - n. Calculate the remainder when 41 is divided by y.
13
Let n(c) = c**3 - 2*c**2 + 4. Let v = 21 + -10. Calculate the remainder when v is divided by n(2).
3
Let m be 1/(3/9*3). Let j = 8 - m. Calculate the remainder when 13 is divided by j.
6
Suppose -3*n - 76 = -2*k, k + 63 = -3*n - 7. Let o = n - -42. What is the remainder when 51 is divided by o?
15
Let y = 2 + 10. Suppose -5*l + 15 = -2*l + 3*a, 0 = -5*l - 2*a + 19. Suppose -3*m + 12 = -l. What is the remainder when y is divided by m?
2
What is the remainder when 138/9*6 + (-12 - -16) is divided by 14?
12
Let a = 39 + -27. What is the remainder when a is divided by 3?
0
Let x = -8 + 4. Let a(h) = h**2 + 3*h. What is the remainder when a(x) is divided by 4?
0
Suppose -3*r = -5*q + 630, -4*r = 5*q - r - 600. Calculate the remainder when q is divided by 42.
39
Suppose 6 = 4*g - 2. Suppose 0 = -g*t + 5*h, 4*t + 0*h = -3*h + 52. Let i(j) = -j**3 + 7*j**2 - 7*j + 9. What is the remainder when t is divided by i(6)?
1
Suppose -22 + 7 = -5*a, -2*o + 22 = -4*a. Calculate the remainder when 84 is divided by o.
16
Let p = -42 + 71. What is the remainder when 55 is divided by p?
26
Let t = 42 - 30. Let p be (77/(-14))/((-2)/t). Suppose -p = -0*w - 3*w. Calculate the remainder when 32 is d